{"id":18,"date":"2016-11-26T12:30:37","date_gmt":"2016-11-26T11:30:37","guid":{"rendered":"http:\/\/www.virngrund-schwaben.de\/?page_id=18"},"modified":"2016-11-27T10:39:23","modified_gmt":"2016-11-27T09:39:23","slug":"geschichte-2","status":"publish","type":"page","link":"https:\/\/www.virngrund-schwaben.de\/?page_id=18","title":{"rendered":"Geschichte"},"content":{"rendered":"<p><strong>Die Geschichte der Virngrund-Schwaben Rosenberg<\/strong><\/p>\n<p>Der VfB-Fanclub &#8222;Virngrund-Schwaben Rosenberg&#8220;<br \/>\nwurde am 18.10.2003\u00a0 von 18 langj\u00e4hrigen <img loading=\"lazy\" decoding=\"async\" class=\" wp-image-31 alignright\" src=\"http:\/\/www.virngrund-schwaben.de\/wp-content\/uploads\/2016\/11\/61-300x225.jpg\" alt=\"61\" width=\"368\" height=\"276\" srcset=\"https:\/\/www.virngrund-schwaben.de\/wp-content\/uploads\/2016\/11\/61-300x225.jpg 300w, https:\/\/www.virngrund-schwaben.de\/wp-content\/uploads\/2016\/11\/61.jpg 600w\" sizes=\"auto, (max-width: 368px) 100vw, 368px\" \/>und treuen\u00a0VfB Anh\u00e4ngern in Rosenberg gegr\u00fcndet.<\/p>\n<p>Zur Namensfindung diente das Gebiet &#8222;Virngrund&#8220;. Der &#8222;Virngrund&#8220; ist ein H\u00f6henzug im Ostalbkreis, zwischen Ellwangen\/Jagst und Schw\u00e4bisch Hall, in dem auch die Gemeinde Rosenberg beheimatet ist.<\/p>\n<p>Am 22.11.2003 wurden die &#8222;Virngrund-Schwaben Rosenberg&#8220; im VfB-Clubzentrum durch den langj\u00e4hrlichen VfB-Profi und Fanbeauftragten G\u00fcnther Sch\u00e4fer als offizieller Fanclub des VfB Stuttgart 1893 e.V. aufgenommen.<\/p>\n<p>Ende 2013 durften die Virngrund-Schwaben ihr 200. Mitglied begr\u00fc\u00dfen und zum November 2016 z\u00e4hlt der Fanclub 205 Mitglieder, welche aus einem Umkreis von ca. 30 km kommen.<br \/>\nDas Bestreben der &#8222;Virngrund-Schwaben Rosenberg&#8220; ist es, den VfB Stuttgart bei jedem Heim- und Ausw\u00e4rtsspiel zahlreich und tatkr\u00e4ftig zu unterst\u00fctzen.<\/p>\n<p>Au\u00dferhalb des Stadions nehmen wir regelm\u00e4\u00dfig an den OFC-Fanmeisterschaften teil und veranstalten j\u00e4hrlich unsere Fanclub-Party.<\/p>\n","protected":false},"excerpt":{"rendered":"<p>Die Geschichte der Virngrund-Schwaben Rosenberg Der VfB-Fanclub &#8222;Virngrund-Schwaben Rosenberg&#8220; wurde am 18.10.2003\u00a0 von 18 langj\u00e4hrigen und treuen\u00a0VfB Anh\u00e4ngern in Rosenberg gegr\u00fcndet. Zur Namensfindung diente das Gebiet &#8222;Virngrund&#8220;. Der &#8222;Virngrund&#8220; ist ein H\u00f6henzug im Ostalbkreis, zwischen Ellwangen\/Jagst und Schw\u00e4bisch Hall, in dem auch die Gemeinde Rosenberg beheimatet ist. Am 22.11.2003 wurden die &#8222;Virngrund-Schwaben Rosenberg&#8220; im VfB-Clubzentrum [&hellip;]<\/p>\n","protected":false},"author":1,"featured_media":0,"parent":0,"menu_order":0,"comment_status":"closed","ping_status":"closed","template":"","meta":{"ngg_post_thumbnail":0,"footnotes":""},"class_list":["post-18","page","type-page","status-publish","hentry"],"_links":{"self":[{"href":"https:\/\/www.virngrund-schwaben.de\/index.php?rest_route=\/wp\/v2\/pages\/18","targetHints":{"allow":["GET"]}}],"collection":[{"href":"https:\/\/www.virngrund-schwaben.de\/index.php?rest_route=\/wp\/v2\/pages"}],"about":[{"href":"https:\/\/www.virngrund-schwaben.de\/index.php?rest_route=\/wp\/v2\/types\/page"}],"author":[{"embeddable":true,"href":"https:\/\/www.virngrund-schwaben.de\/index.php?rest_route=\/wp\/v2\/users\/1"}],"replies":[{"embeddable":true,"href":"https:\/\/www.virngrund-schwaben.de\/index.php?rest_route=%2Fwp%2Fv2%2Fcomments&post=18"}],"version-history":[{"count":8,"href":"https:\/\/www.virngrund-schwaben.de\/index.php?rest_route=\/wp\/v2\/pages\/18\/revisions"}],"predecessor-version":[{"id":37,"href":"https:\/\/www.virngrund-schwaben.de\/index.php?rest_route=\/wp\/v2\/pages\/18\/revisions\/37"}],"wp:attachment":[{"href":"https:\/\/www.virngrund-schwaben.de\/index.php?rest_route=%2Fwp%2Fv2%2Fmedia&parent=18"}],"curies":[{"name":"wp","href":"https:\/\/api.w.org\/{rel}","templated":true}]}}