{"id":21,"date":"2016-11-26T12:31:28","date_gmt":"2016-11-26T11:31:28","guid":{"rendered":"http:\/\/www.virngrund-schwaben.de\/?page_id=21"},"modified":"2017-11-01T11:18:01","modified_gmt":"2017-11-01T10:18:01","slug":"galerie","status":"publish","type":"page","link":"https:\/\/www.virngrund-schwaben.de\/?page_id=21","title":{"rendered":"Galerie"},"content":{"rendered":"<p>Hier k\u00f6nnt ihr einige Eindr\u00fccke aus unseren Ausw\u00e4rtsfahrten gewinnen.<\/p>\n<p><a href=\"http:\/\/www.virngrund-schwaben.de\/?page_id=330\">Saison 2017\/2018<\/a><br \/>\n<a href=\"http:\/\/www.virngrund-schwaben.de\/?page_id=322\">Saison 2016\/2017<\/a><\/p>\n<p>Viel Spa\u00df&#8230;<\/p>\n<p>Eure Virngrund-Schwaben Rosenberg<\/p>\n","protected":false},"excerpt":{"rendered":"<p>Hier k\u00f6nnt ihr einige Eindr\u00fccke aus unseren Ausw\u00e4rtsfahrten gewinnen. Saison 2017\/2018 Saison 2016\/2017 Viel Spa\u00df&#8230; Eure Virngrund-Schwaben Rosenberg<\/p>\n","protected":false},"author":1,"featured_media":113,"parent":0,"menu_order":0,"comment_status":"closed","ping_status":"closed","template":"","meta":{"ngg_post_thumbnail":0,"footnotes":""},"class_list":["post-21","page","type-page","status-publish","has-post-thumbnail","hentry"],"_links":{"self":[{"href":"https:\/\/www.virngrund-schwaben.de\/index.php?rest_route=\/wp\/v2\/pages\/21","targetHints":{"allow":["GET"]}}],"collection":[{"href":"https:\/\/www.virngrund-schwaben.de\/index.php?rest_route=\/wp\/v2\/pages"}],"about":[{"href":"https:\/\/www.virngrund-schwaben.de\/index.php?rest_route=\/wp\/v2\/types\/page"}],"author":[{"embeddable":true,"href":"https:\/\/www.virngrund-schwaben.de\/index.php?rest_route=\/wp\/v2\/users\/1"}],"replies":[{"embeddable":true,"href":"https:\/\/www.virngrund-schwaben.de\/index.php?rest_route=%2Fwp%2Fv2%2Fcomments&post=21"}],"version-history":[{"count":22,"href":"https:\/\/www.virngrund-schwaben.de\/index.php?rest_route=\/wp\/v2\/pages\/21\/revisions"}],"predecessor-version":[{"id":336,"href":"https:\/\/www.virngrund-schwaben.de\/index.php?rest_route=\/wp\/v2\/pages\/21\/revisions\/336"}],"wp:featuredmedia":[{"embeddable":true,"href":"https:\/\/www.virngrund-schwaben.de\/index.php?rest_route=\/wp\/v2\/media\/113"}],"wp:attachment":[{"href":"https:\/\/www.virngrund-schwaben.de\/index.php?rest_route=%2Fwp%2Fv2%2Fmedia&parent=21"}],"curies":[{"name":"wp","href":"https:\/\/api.w.org\/{rel}","templated":true}]}}