{"id":24,"date":"2016-11-26T12:32:06","date_gmt":"2016-11-26T11:32:06","guid":{"rendered":"http:\/\/www.virngrund-schwaben.de\/?page_id=24"},"modified":"2023-02-28T09:31:31","modified_gmt":"2023-02-28T08:31:31","slug":"impressum","status":"publish","type":"page","link":"https:\/\/www.virngrund-schwaben.de\/?page_id=24","title":{"rendered":"Impressum"},"content":{"rendered":"<p><span class=\"xr_tl xr_kern Button_Text\"><strong>Virngrund-Schwaben Rosenberg<\/strong><br \/>\n1. Vorsitzender<br \/>\nFlorian Schenk<\/span><\/p>\n<p><strong>Herausgeber:<\/strong><br \/>\nVirngrund-Schwaben Rosenberg<br \/>\nMichael Hirschle<\/p>\n<p>Der Autor \u00fcbernimmt keinerlei Gew\u00e4hr f\u00fcr die Aktualit\u00e4t, Korrektheit, Vollst\u00e4ndigkeit oder <span class=\"xr_tl xr_kern Button_Text\">Qualit\u00e4t der bereitgestellten Informationen. Haftungsanspr\u00fcche gegen den Autor, welches <\/span> <span class=\"xr_tl xr_kern Button_Text\">sich auf Sch\u00e4den materieller oder ideeller Art beziehen, die durch die Nutzung oder Nichtnutzung <\/span> <span class=\"xr_tl xr_kern Button_Text\">der dargebotenen Informationen bzw. durch die Nutzung fehlerhafter und unvollst\u00e4ndiger Informationen <\/span> <span class=\"xr_tl xr_kern Button_Text\">verursacht wurden, sind grunds\u00e4tzlich ausgeschlossen, sofern seitens des Autors kein nachweislich <\/span> <span class=\"xr_tl xr_kern Button_Text\">vors\u00e4tzliches oder grob fahrl\u00e4ssiges Verschulden vorliegt.<\/span><\/p>\n<p><span class=\"xr_tl xr_kern Button_Text\">Alle Angebote sind freibleibend und unverbindlich. Der Autor beh\u00e4lt es sich ausdr\u00fccklich vor, Teile <\/span> <span class=\"xr_tl xr_kern Button_Text\">der Seiten oder das gesamte Angebot ohne gesonderte Ank\u00fcndigung zu ver\u00e4ndern, zu erg\u00e4nzen, zu<\/span> <span class=\"xr_tl xr_kern Button_Text\">l\u00f6schen oder die Ver\u00f6ffentlichung zeitweise oder endg\u00fcltig einzustellen.<\/span><\/p>\n<p><span class=\"xr_tl xr_kern Button_Text\">Bei direkten oder indirekten Verweisen auf fremde Webseiten (&#8222;Hyperlinks&#8220;), die au\u00dferhalb des Verantwortungsbereiches <\/span> <span class=\"xr_tl xr_kern Button_Text\">des Autors liegen, wird die keine Haftung \u00fcbernommen.<\/span><\/p>\n<p><span class=\"xr_tl xr_kern Button_Text\">Der Autor erkl\u00e4rt hiermit ausdr\u00fccklich, dass zum Zeitpunkt der Linksetzung keine illegalen Inhalte auf den <\/span> <span class=\"xr_tl xr_kern Button_Text\">zu verlinkenden Seiten erkennbar waren. Auf die aktuelle und zuk\u00fcnftige Gestaltung, die Inhalte oder die <\/span> <span class=\"xr_tl xr_kern Button_Text\">Urheberschaft der gelinkten\/verkn\u00fcpften Seiten hat der Autor keinerlei Einfluss. Deshalb distanziert er <\/span> <span class=\"xr_tl xr_kern Button_Text\">sich hiermit ausdr\u00fccklich von allen Inhalten aller gelinkten \/ verkn\u00fcpften Seiten, die nach der Linksetzung <\/span> <span class=\"xr_tl xr_kern Button_Text\">ver\u00e4ndert wurden.<\/span><\/p>\n","protected":false},"excerpt":{"rendered":"<p>Virngrund-Schwaben Rosenberg 1. Vorsitzender Florian Schenk Herausgeber: Virngrund-Schwaben Rosenberg Michael Hirschle Der Autor \u00fcbernimmt keinerlei Gew\u00e4hr f\u00fcr die Aktualit\u00e4t, Korrektheit, Vollst\u00e4ndigkeit oder Qualit\u00e4t der bereitgestellten Informationen. Haftungsanspr\u00fcche gegen den Autor, welches sich auf Sch\u00e4den materieller oder ideeller Art beziehen, die durch die Nutzung oder Nichtnutzung der dargebotenen Informationen bzw. durch die Nutzung fehlerhafter und unvollst\u00e4ndiger [&hellip;]<\/p>\n","protected":false},"author":1,"featured_media":80,"parent":0,"menu_order":0,"comment_status":"closed","ping_status":"closed","template":"","meta":{"ngg_post_thumbnail":0,"footnotes":""},"class_list":["post-24","page","type-page","status-publish","has-post-thumbnail","hentry"],"_links":{"self":[{"href":"https:\/\/www.virngrund-schwaben.de\/index.php?rest_route=\/wp\/v2\/pages\/24","targetHints":{"allow":["GET"]}}],"collection":[{"href":"https:\/\/www.virngrund-schwaben.de\/index.php?rest_route=\/wp\/v2\/pages"}],"about":[{"href":"https:\/\/www.virngrund-schwaben.de\/index.php?rest_route=\/wp\/v2\/types\/page"}],"author":[{"embeddable":true,"href":"https:\/\/www.virngrund-schwaben.de\/index.php?rest_route=\/wp\/v2\/users\/1"}],"replies":[{"embeddable":true,"href":"https:\/\/www.virngrund-schwaben.de\/index.php?rest_route=%2Fwp%2Fv2%2Fcomments&post=24"}],"version-history":[{"count":4,"href":"https:\/\/www.virngrund-schwaben.de\/index.php?rest_route=\/wp\/v2\/pages\/24\/revisions"}],"predecessor-version":[{"id":566,"href":"https:\/\/www.virngrund-schwaben.de\/index.php?rest_route=\/wp\/v2\/pages\/24\/revisions\/566"}],"wp:featuredmedia":[{"embeddable":true,"href":"https:\/\/www.virngrund-schwaben.de\/index.php?rest_route=\/wp\/v2\/media\/80"}],"wp:attachment":[{"href":"https:\/\/www.virngrund-schwaben.de\/index.php?rest_route=%2Fwp%2Fv2%2Fmedia&parent=24"}],"curies":[{"name":"wp","href":"https:\/\/api.w.org\/{rel}","templated":true}]}}